et g = l - 122. Suppose 5*t - 159 = -6*f + 3*f, 0 = -4*f - t + g. What is the tens digit of f?
5
Let j(u) = -3*u**3 + u**2 - u - 1. Let i be j(-1). Suppose 3*x - 136 = g, -5*x + i*g + 121 = -2*x. What is the units digit of x?
7
Let a = 370 + -261. What is the units digit of a?
9
Let i = -524 - -1333. What is the units digit of i?
9
Suppose -10*m - 278 = -48. Let i = m + 28. What is the units digit of (2*-5)/i - -50?
8
Suppose 15*o - 660 = 5*o. What is the units digit of o?
6
Let c be (128/12)/((-2)/(-81)). Suppose -8*b = b - c. What is the tens digit of b?
4
Let t = 229 - 94. Let d = t + -63. Let i = 122 - d. What is the tens digit of i?
5
Let c be (-235)/25 + (-2)/(-5). Let y(q) = -18*q + 5. Let f be y(c). Suppose f - 57 = 5*s. What is the units digit of s?
2
Let i = -86 + 42. Let t = 21 + i. Let l = t - -45. What is the tens digit of l?
2
Let t(g) = 6*g + 9. Let q(u) = u**2 - 6. Let l(k) = -k**2 + k + 8. Let y be l(4). Let p be q(y). What is the tens digit of t(p)?
6
Let c(v) = v**3 - 3*v**2 + 3*v - 2. Let p be c(2). Let x = p - 9. What is the units digit of -1 + 0/2 - x?
8
What is the thousands digit of (-11996)/6*(-78)/52?
2
Let o = -6 - -12. Let h = o + -6. Suppose n + 3*n - 2*t - 216 = h, -2*n + 96 = -4*t. What is the tens digit of n?
5
Suppose 0 = 3*n - l - 2 - 3, -5*n - 10 = 2*l. Suppose -2*p = -n*p. Let s(k) = -k + 14. What is the tens digit of s(p)?
1
Let g(t) = t**3 - 10*t**2 - 4*t + 13. Let u be g(10). Let r = u + 19. Let x = 28 + r. What is the tens digit of x?
2
Let t be (-31 - -1) + -3 + 5 + 0. What is the tens digit of (-2936)/t + (-4)/(-28)?
0
Suppose -3*b = -63 - 1545. What is the tens digit of b?
3
Let q = -38 - -41. Suppose -3*z = 4*b - 52, -2*z + q*z + 4*b - 12 = 0. What is the units digit of z?
0
Let h(p) = p - 12. Let q be h(10). Let l be 4 - (5 + 4/q). What is the units digit of 3 + (1 - 1/l)?
3
Let r be (-61)/4 + 5/20. Let x = r - -57. What is the tens digit of x?
4
Let p = 60 - 14. Let c = -18 + p. What is the units digit of c?
8
Let w = 1760 - 344. What is the units digit of w/44 - (-2)/(-11)?
2
Let u = 4752 - 2523. What is the thousands digit of u?
2
Suppose -174 - 69 = -s. What is the tens digit of (s/6)/(((-4)/(-8))/1)?
8
What is the units digit of 1853/5 + 11/165*-9?
0
Suppose -2*x = -5*x - 114. Let z be (24/(-44))/3 + (-64)/11. What is the tens digit of -4 - z - -2 - x?
4
Suppose b + 28 = 3*k + 474, 2*b + k = 871. What is the units digit of b?
7
Let x = 90 - 74. Suppose -v = -4*g + 4*v + 376, 0 = -4*v + x. What is the units digit of g?
9
Suppose 5*v - 3*j - 1487 = 0, 4*j + 1571 = 5*v + 80. Suppose -4*t + v - 19 = 0. Suppose -t = 2*f - 3*f. What is the units digit of f?
9
Let t = -1790 - -3077. What is the tens digit of t?
8
Let a(s) = 108*s + 183. What is the units digit of a(11)?
1
Suppose 14*z - 11645 = -3*z. What is the units digit of z?
5
Suppose b = -n - 4, -2*n + 1 - 16 = 3*b. Let a = 11 + b. Suppose -a*y + 22 = -122. What is the units digit of y?
6
Let p = 8 - 5. Suppose -474 = -5*s + f - 5*f, 314 = p*s - 5*f. What is the units digit of s?
8
Suppose -3*q - 12 = 108. Let v = 89 + q. What is the tens digit of v?
4
Let c be (5/(-2) - -2) + 7315/38. Suppose 0 = 2*p - 4*w - c, -2*p + 3*w + 399 = 2*p. What is the tens digit of p?
0
Let s = 30 - 28. Let u(k) = -7*k + s + 2*k + 2*k**2 + 3*k - 4. What is the tens digit of u(3)?
1
Let h(i) = 130*i**2 + 38*i - 306. What is the units digit of h(6)?
2
Let c(j) = 4*j**2 - 12*j + 6. Let y be c(3). Suppose y*l - 7*l + 289 = 2*w, 2*w + 2 = 0. What is the hundreds digit of l?
2
Let g(s) = s + 5. Let a be g(-6). Let r be 83/(-3) + a/3. What is the tens digit of -2 - (r - (3 - 0))?
2
Let g(l) = l**3 - 10*l**2 + 40*l - 30. What is the hundreds digit of g(13)?
9
Let z(p) = p**3 - p**2 + 7*p + 7. Let r be z(-1). What is the units digit of 13013/52 + r/8?
0
Let m = 741 + -418. What is the tens digit of m?
2
Suppose 2*n = -4*t - 14, -4*n = -n - 4*t - 29. Suppose -26 = o - 0*o - g, -8 = -4*g. What is the tens digit of (-1386)/o - n/4?
5
Let b = -13 - -12. Let y = -1 - b. Suppose n + 4*x + 6 = y, 2*x - 32 = n - 4*n. What is the tens digit of n?
1
What is the hundreds digit of 6909690/2363 + (-4)/34?
9
Suppose 0 = -2*n + 202 + 132. Suppose -o - 2*o + 4*w = -493, o - 4*w - n = 0. What is the tens digit of o?
6
Suppose 0 = 4*i - 13 - 7. Suppose m - i*l - 15 = 0, -5*m + 5 = 3*l + 14. Suppose -2*o + 23 + 47 = m. What is the tens digit of o?
3
Let t(n) = -2*n + 20. Suppose 4*m + i - 27 = 0, 4*i = -3*m + 3*i + 21. What is the units digit of t(m)?
8
Let y = 65 - -136. What is the units digit of y?
1
Let l = 13 + -10. Suppose -l*w + 5 = 2*w. What is the tens digit of 3 - ((-31)/w - 2)?
3
Let s = -108 - -112. Suppose -2*j = -150 - s. What is the tens digit of j?
7
Let u(j) = 762*j + 5. Let x be u(-3). Let s = x + 3590. What is the tens digit of s/55 - (-1)/5?
2
Suppose 5*y - 2*y - 525 = -c, -1050 = -2*c - 4*y. What is the hundreds digit of c?
5
Let w be (-8)/(-10) + 72/60. What is the units digit of -3 + w + 0 - -64?
3
Suppose 4*s = -5*v + 161, -2*s = -3*s + 3*v + 53. Let n = s + -108. Let i = n + 93. What is the tens digit of i?
2
Suppose -5*t + 54 = 4. Suppose -9*p - 1 = -t*p. What is the tens digit of (36 - 13) + -2*p?
2
What is the units digit of 4/((-6)/(-864)*6)?
6
Let v be (-1)/(2 - (-4)/(-4)). Suppose 0 = 5*c - 10*c - 10. What is the units digit of c*v/(-2)*-9?
9
Suppose 4*s - 4*v = 1244, -5*v = 3*s + 2*s - 1565. What is the units digit of s?
2
Let w = 370 - -21. What is the tens digit of w?
9
Let y(t) = t + 21. Suppose 6*m + 12 = 3*m. Let h be ((-44)/m + 2)*-1. What is the units digit of y(h)?
8
Suppose -5*j - 138 = -5*h + 4*h, j = -5. Let o = h + -62. What is the units digit of o?
1
Let c = 161 - -31. What is the tens digit of c?
9
Let g(y) = -y**3 + 15*y**2 - 16*y + 26. Let t be g(14). What is the tens digit of -2 + 1 - 78/t?
3
Suppose 0 = -x + 2*x + 5. Let m be 106/8*(x - -1). Let z = 94 + m. What is the units digit of z?
1
Let h be 351/(-21) - (-4)/(-14). Let p = h + 5. What is the units digit of ((-2)/(-2))/(p/(-300))?
5
Let y(l) = 633*l - 36. What is the tens digit of y(1)?
9
Suppose -4*o - 9*n = -11*n - 550, -2*o + 278 = -2*n. What is the units digit of o?
6
Let n(g) = 7*g**2 - 1. Let m be n(1). Let y = 13 - m. Let a(l) = -l**3 + 7*l**2 + 2*l - 2. What is the tens digit of a(y)?
1
Suppose -27*h = -3*h - 1896. What is the units digit of h?
9
Let i(q) = -q**3 - 6*q**2 - q - 6. Let p be i(-6). Suppose -n - 33 + 32 = p. What is the units digit of 5/(-3)*(n - 38)?
5
Suppose -15*q + 2*y + 354 = -12*q, -2*q - 2*y + 236 = 0. What is the hundreds digit of q?
1
Let i(t) = 11*t**3 - 9*t**2 + 15*t + 2. Let s(z) = 5*z**3 - 4*z**2 + 7*z + 1. Let g(a) = 4*i(a) - 9*s(a). What is the units digit of g(-2)?
3
Suppose h - 20 = -17. Suppose h*t + 239 = 5*g, 0 = g - 2*t - 0*t - 45. What is the tens digit of g?
4
Suppose 5*y + 4*w = -5 - 6, 2*w = -3*y - 7. Let x = 1 - y. Suppose x*k = 52 + 20. What is the tens digit of k?
1
Suppose 69 = -b + 524. What is the units digit of b?
5
Suppose -2*a - 23 - 7 = 0. Let k(f) = -f - 21. Let q be k(a). What is the units digit of ((-3)/q)/((-2)/(-72))?
8
What is the tens digit of 51/(-5)*(6 - 11)?
5
Let k = -3340 + 4819. What is the thousands digit of k?
1
Let i(n) = 0*n**3 - 11*n**2 + 23 - n**3 - 21*n + 13*n + 2*n**2. What is the hundreds digit of i(-10)?
2
Let s(j) = 155*j + 46. What is the units digit of s(39)?
1
Suppose -3*k = -2*l - 2, -8*k = -3*k + l - 12. Suppose p - 5*u = 4*p - 29, u - 17 = -k*p. Let h = 17 - p. What is the units digit of h?
9
Suppose 21 = -i + 3*i - 3*w, 0 = -5*i - w + 10. Suppose i*b - 50 = -4*x, -61 + 8 = -5*x + b. What is the tens digit of x?
1
What is the hundreds digit of (56/(-20))/(12/(-5010))?
1
Suppose 0 = 2*b - 3*b + 9. Suppose 0 = 3*p + 6 - b. What is the tens digit of (-410)/(-10) - 1/p?
4
Let x(q) be the second derivative of q**4/6 - q**3 - 8*q**2 + 46*q. What is the units digit of x(-7)?
4
Suppose 0 = -51*q + 52*q - 681. What is the tens digit of q?
8
What is the tens digit of (-366 - 1)/((-5)/15)?
0
Let s be (201 - (-2)/(-5 - -3)) + -1. Suppose 0 = 5*l - 146 - s. What is the tens digit of l?
6
Let o(m) = -m**2 - 14*m - 8. Let z be o(-13). Suppose -3*d = 6, 0 = z*n - 4*n - 4*d - 63. What is the units digit of n?
5
Let 